the greatest common factor of 6 and 12.
6
Calculate the greatest common divisor of 4 and 6.
2
Calculate the highest common factor of 1802 and 106.
106
Calculate the highest common factor of 2295 and 510.
255
Calculate the greatest common divisor of 189 and 7.
7
What is the highest common factor of 39 and 195?
39
Calculate the greatest common divisor of 231 and 84.
21
What is the highest common factor of 325 and 351?
13
Calculate the greatest common factor of 26 and 4.
2
What is the greatest common divisor of 29 and 841?
29
What is the greatest common divisor of 4225 and 1859?
169
What is the highest common factor of 28 and 7?
7
Calculate the highest common factor of 21297 and 93.
93
Calculate the highest common divisor of 483 and 231.
21
Calculate the greatest common divisor of 360 and 200.
40
Calculate the greatest common divisor of 123 and 328.
41
Calculate the greatest common divisor of 142 and 497.
71
What is the highest common divisor of 325 and 26?
13
Calculate the highest common divisor of 2 and 64.
2
Calculate the highest common factor of 45 and 24345.
45
What is the greatest common factor of 481 and 703?
37
Calculate the greatest common divisor of 78 and 42.
6
What is the greatest common divisor of 31 and 775?
31
What is the highest common divisor of 408 and 306?
102
What is the highest common factor of 18 and 6714?
18
Calculate the highest common divisor of 966 and 42.
42
Calculate the greatest common divisor of 5748 and 12.
12
Calculate the highest common factor of 44 and 55.
11
Calculate the greatest common factor of 11526 and 226.
226
Calculate the highest common divisor of 6 and 21.
3
What is the greatest common factor of 48987 and 9?
9
Calculate the highest common divisor of 135 and 108.
27
Calculate the greatest common factor of 962 and 286.
26
What is the greatest common divisor of 4 and 96?
4
Calculate the highest common factor of 325 and 13.
13
Calculate the highest common factor of 200 and 120.
40
Calculate the greatest common factor of 22 and 11.
11
Calculate the greatest common divisor of 208 and 12012.
52
What is the highest common divisor of 2 and 16?
2
Calculate the greatest common factor of 15097 and 31.
31
Calculate the greatest common factor of 580 and 1360.
20
Calculate the greatest common factor of 38865 and 15.
15
Calculate the greatest common factor of 11 and 22.
11
What is the greatest common factor of 18094 and 166?
166
What is the greatest common factor of 144 and 16?
16
What is the greatest common divisor of 36410 and 220?
110
What is the greatest common divisor of 962 and 37?
37
What is the greatest common divisor of 152 and 57?
19
What is the highest common divisor of 74 and 2701?
37
Calculate the greatest common divisor of 663 and 377.
13
Calculate the highest common factor of 164 and 902.
82
What is the greatest common divisor of 52 and 26?
26
Calculate the highest common factor of 320 and 10.
10
What is the highest common divisor of 530 and 20?
10
What is the highest common divisor of 824 and 24?
8
What is the highest common factor of 68 and 1?
1
Calculate the highest common factor of 10 and 302.
2
Calculate the highest common divisor of 546 and 156.
78
Calculate the greatest common divisor of 1311 and 69.
69
Calculate the greatest common factor of 1312 and 160.
32
What is the greatest common divisor of 350 and 50?
50
What is the greatest common factor of 393 and 21?
3
Calculate the highest common factor of 196 and 1260.
28
What is the highest common factor of 390 and 6318?
78
What is the highest common factor of 24 and 548?
4
Calculate the highest common factor of 168 and 448.
56
Calculate the highest common divisor of 42 and 966.
42
Calculate the greatest common divisor of 3056 and 16.
16
What is the greatest common divisor of 904 and 72?
8
What is the highest common divisor of 20 and 776?
4
What is the greatest common divisor of 1890 and 675?
135
Calculate the greatest common divisor of 23 and 4.
1
Calculate the highest common factor of 91 and 21.
7
Calculate the highest common factor of 4389 and 77.
77
What is the highest common factor of 1435 and 175?
35
What is the greatest common divisor of 1325 and 1802?
53
Calculate the highest common divisor of 11 and 37279.
11
Calculate the highest common factor of 8980 and 80.
20
What is the highest common divisor of 144 and 1602?
18
Calculate the greatest common factor of 1886 and 246.
82
What is the highest common divisor of 1053 and 13?
13
What is the greatest common factor of 120 and 3352?
8
Calculate the greatest common divisor of 52 and 143.
13
What is the highest common factor of 11 and 781?
11
Calculate the highest common divisor of 99 and 6.
3
Calculate the highest common divisor of 105 and 245.
35
What is the highest common divisor of 999 and 3441?
111
Calculate the greatest common divisor of 47 and 42817.
47
What is the highest common factor of 95 and 57?
19
Calculate the greatest common divisor of 8162 and 70.
14
Calculate the highest common divisor of 99 and 27.
9
Calculate the highest common divisor of 27 and 81.
27
Calculate the greatest common divisor of 46 and 299.
23
Calculate the highest common factor of 98 and 224.
14
Calculate the greatest common divisor of 54 and 8154.
54
Calculate the highest common factor of 20 and 50.
10
What is the highest common divisor of 4752 and 240?
48
Calculate the greatest common divisor of 87 and 464.
29
Calculate the greatest common divisor of 196 and 1274.
98
What is the greatest common divisor of 33 and 132?
33
Calculate the greatest common divisor of 12 and 588.
12
What is the greatest common factor of 310 and 130?
10
Calculate the greatest common divisor of 432 and 64.
16
Calculate the highest common divisor of 108 and 2538.
54
What is the greatest common factor of 1176 and 12789?
147
What is the greatest common factor of 2516 and 544?
68
What is the greatest common divisor of 81 and 387?
9
What is the highest common factor of 549 and 2115?
9
What is the greatest common factor of 38 and 190?
38
Calculate the greatest common divisor of 46 and 989.
23
Calculate the highest common factor of 348 and 14181.
87
What is the greatest common factor of 134 and 32026?
134
What is the highest common divisor of 427 and 1403?
61
Calculate the greatest common factor of 119 and 1904.
119
What is the highest common factor of 8 and 30720?
8
Calculate the greatest common divisor of 106 and 1802.
106
What is the greatest common divisor of 879 and 6?
3
What is the greatest common factor of 7524 and 18?
18
What is the greatest common divisor of 636 and 1590?
318
Calculate the greatest common divisor of 195 and 30.
15
What is the highest common divisor of 1184 and 32?
32
What is the greatest common divisor of 35 and 4298?
7
Calculate the highest common factor of 408 and 60.
12
What is the greatest common divisor of 21 and 483?
21
What is the greatest common divisor of 2455 and 15?
5
What is the highest common divisor of 27 and 3087?
9
What is the greatest common divisor of 580 and 3248?
116
Calculate the greatest common factor of 58 and 2.
2
What is the highest common factor of 600 and 675?
75
What is the greatest common divisor of 60 and 75?
15
What is the highest common factor of 640 and 16?
16
What is the highest common divisor of 186 and 992?
62
Calculate the highest common factor of 3804 and 12.
12
What is the greatest common factor of 1299 and 3?
3
Calculate the greatest common factor of 192 and 672.
96
Calculate the greatest common factor of 210 and 1330.
70
What is the highest common divisor of 133 and 7011?
19
What is the greatest common factor of 640 and 80?
80
Calculate the greatest common factor of 1170 and 36.
18
Calculate the greatest common divisor of 9424 and 304.
304
What is the greatest common divisor of 60 and 525?
15
What is the highest common divisor of 18 and 516?
6
Calculate the greatest common factor of 8284 and 76.
76
Calculate the highest common factor of 35 and 40.
5
Calculate the highest common factor of 125 and 250.
125
What is the highest common divisor of 176 and 44?
44
What is the highest common divisor of 96 and 456?
24
What is the highest common divisor of 3139 and 86?
43
What is the greatest common divisor of 2436 and 336?
84
Calculate the greatest common factor of 7942 and 55.
11
Calcu